{"id":1591,"date":"2023-04-24T10:34:33","date_gmt":"2023-04-24T09:34:33","guid":{"rendered":"https:\/\/www.soce.cat\/?page_id=1591"},"modified":"2025-11-11T12:53:46","modified_gmt":"2025-11-11T11:53:46","slug":"subvenciones","status":"publish","type":"page","link":"https:\/\/www.soce.cat\/es\/subvenciones\/","title":{"rendered":"Subvenciones"},"content":{"rendered":"<p>[vc_row][vc_column][vc_column_text css=\u00bb.vc_custom_1762764841829{margin-top: 4em !important;margin-bottom: 2em !important;}\u00bb]<\/p>\n<div class=\"page\" title=\"Page 1\">\n<div class=\"layoutArea\">\n<div class=\"column\">\n<h3>PROGRAMA IMPULSO AL EMPLEO<\/h3>\n<\/div>\n<\/div>\n<\/div>\n<p>[\/vc_column_text][vc_column_text]<\/p>\n<div class=\"page\" title=\"Page 1\">\n<div class=\"layoutArea\">\n<div class=\"column\">\n<div class=\"page\" title=\"Page 1\">\n<div class=\"layoutArea\">\n<div class=\"column\">\n<div class=\"page\" title=\"Page 1\">\n<div class=\"layoutArea\">\n<div class=\"column\">\n<div class=\"page\" title=\"Page 1\">\n<div class=\"layoutArea\">\n<div class=\"column\">\n<ul>\n<li>Esta subvenci\u00f3n incluye 3 l\u00edneas:<\/li>\n<li style=\"list-style-type: none;\">\n<ul>\n<li><b>L\u00ednea 1<\/b>:Ayudas para fomentar la creaci\u00f3n y el establecimiento de nuevas empresas en el municipio de Vila-seca<\/li>\n<li><b>L\u00ednea 2<\/b>: Ayudas para fomentar la creaci\u00f3n y el establecimiento de nuevas empresas lideradas por mujeres.<\/li>\n<li><b>L\u00ednea 3<\/b>: Ayudas para fomentar la creaci\u00f3n y el establecimiento de nuevas empresas lideradas por personas j\u00f3venes.<\/li>\n<\/ul>\n<\/li>\n<li><a href=\"https:\/\/www.dipta.cat\/bopt\/web\/anunci\/350260\/bases-reguladores-per-a-la-concessio-de-subvencions-en-regim-de-concurrencia-no-competitiva-per-a-la-creacio-i-l-establiment-de-noves-empreses-al-municipi-aprovacio-definitiva-ajuntament-vila-seca\" target=\"_blank\" rel=\"noopener\">Bases reguladoras<\/a><\/li>\n<li><a href=\"https:\/\/vila-seca.cat\/images\/20251031_Convocat%C3%B2ria_2025_de_subvencions_per_a_la_creaci%C3%B3_i_lestabliment_de_noves_empreses_al_municipi_1.pdf\" target=\"_blank\" rel=\"noopener\">Convocatoria L\u00ednea 1<\/a>\u00a0<em><strong>Las solcitudes se pueden enviar a trav\u00e9s de la <a href=\"https:\/\/vila-seca.eadministracio.cat\/\" target=\"_blank\" rel=\"noopener\">sede electr\u00f3nica<\/a> desde el 03\/11\/2025 hasta<\/strong><\/em><em><strong> el 21\/11\/2025.<\/strong><\/em><\/li>\n<\/ul>\n<h4><strong>Programa Impulso al Empleo<\/strong><\/h4>\n<p>Las ayudas del programa impulso a la ocupaci\u00f3n tienen por objeto establecer un sistema de ayudas para incentivar la creaci\u00f3n de puestos de trabajo en el municipio de Vila-seca, mediante la Bolsa de Trabajo Municipal.<\/p>\n<p>&nbsp;<\/p>\n<p>Convocatoria 2025<\/p>\n<ul>\n<li><a href=\"https:\/\/vila-seca.cat\/images\/2025\/Bases_Impuls_Ocupaci%C3%B3_contractacions_de_persones_del_municipi.pdf\" target=\"_blank\" rel=\"noopener\">Bases reguladoras <span data-olk-copy-source=\"MessageBody\">para la concesi\u00f3n de subvenciones, en r\u00e9gimen de concurrencia no competitiva para contrataciones de personas del municipio<\/span><\/a><\/li>\n<li><a href=\"https:\/\/vila-seca.cat\/images\/2025\/07\/08\/20250612_CONVOCAT%C3%92RIA_2025_DE_SUBVENCIONS_-_CATAL%C3%80.pdf\" target=\"_blank\" rel=\"noopener\">Convocatoria de subvenciones, en r\u00e9gimen de concurrencia no competitiva, para contrataciones de personas en el municipio<\/a> (<strong>PLAZO ABIERTO HASTA EL 7 DE AGOSTO<\/strong>\u00a0<strong>DE 2025<\/strong>\u00a0a trav\u00e9s de la\u00a0<a href=\"https:\/\/vila-seca.eadministracio.cat\/\" target=\"_blank\" rel=\"noopener\">sede electr\u00f3nica<\/a>)<\/li>\n<\/ul>\n<\/div>\n<div class=\"column\"><\/div>\n<\/div>\n<\/div>\n<\/div>\n<\/div>\n<\/div>\n<\/div>\n<\/div>\n<\/div>\n<\/div>\n<\/div>\n<\/div>\n<p>[\/vc_column_text][\/vc_column][\/vc_row]<\/p>\n","protected":false},"excerpt":{"rendered":"<p>[vc_row][vc_column][vc_column_text css=\u00bb.vc_custom_1762764841829{margin-top: 4em !important;margin-bottom: 2em !important;}\u00bb] PROGRAMA IMPULSO AL EMPLEO [\/vc_column_text][vc_column_text] Esta subvenci\u00f3n incluye 3 l\u00edneas: L\u00ednea 1:Ayudas para fomentar la creaci\u00f3n y el establecimiento de nuevas empresas en el municipio de Vila-seca L\u00ednea 2: [&hellip;]<\/p>\n<a href=\"https:\/\/www.soce.cat\/es\/subvenciones\/\" class=\"entry-more pro-btn pro-btn-rounded pro-btn-xxs pro-btn-flat-accent\">Read More<span class=\"screen-reader-text\"> about Subvenciones<\/span><\/a>","protected":false},"author":1,"featured_media":0,"parent":0,"menu_order":0,"comment_status":"closed","ping_status":"closed","template":"","meta":{"footnotes":""},"class_list":["post-1591","page","type-page","status-publish","hentry"],"_links":{"self":[{"href":"https:\/\/www.soce.cat\/es\/wp-json\/wp\/v2\/pages\/1591","targetHints":{"allow":["GET"]}}],"collection":[{"href":"https:\/\/www.soce.cat\/es\/wp-json\/wp\/v2\/pages"}],"about":[{"href":"https:\/\/www.soce.cat\/es\/wp-json\/wp\/v2\/types\/page"}],"author":[{"embeddable":true,"href":"https:\/\/www.soce.cat\/es\/wp-json\/wp\/v2\/users\/1"}],"replies":[{"embeddable":true,"href":"https:\/\/www.soce.cat\/es\/wp-json\/wp\/v2\/comments?post=1591"}],"version-history":[{"count":17,"href":"https:\/\/www.soce.cat\/es\/wp-json\/wp\/v2\/pages\/1591\/revisions"}],"predecessor-version":[{"id":1662,"href":"https:\/\/www.soce.cat\/es\/wp-json\/wp\/v2\/pages\/1591\/revisions\/1662"}],"wp:attachment":[{"href":"https:\/\/www.soce.cat\/es\/wp-json\/wp\/v2\/media?parent=1591"}],"curies":[{"name":"wp","href":"https:\/\/api.w.org\/{rel}","templated":true}]}}

<p>[vc_row][vc_column][vc_column_text css=».vc_custom_1762764841829{margin-top: 4em !important;margin-bottom: 2em !important;}»]</p>
<div class="page" title="Page 1">
<div class="layoutArea">
<div class="column">
<h3>PROGRAMA IMPULSO AL EMPLEO</h3>
</div>
</div>
</div>
<p>[/vc_column_text][vc_column_text]</p>
<div class="page" title="Page 1">
<div class="layoutArea">
<div class="column">
<div class="page" title="Page 1">
<div class="layoutArea">
<div class="column">
<div class="page" title="Page 1">
<div class="layoutArea">
<div class="column">
<div class="page" title="Page 1">
<div class="layoutArea">
<div class="column">
<ul>
<li>Esta subvención incluye 3 líneas:</li>
<li style="list-style-type: none;">
<ul>
<li><b>Línea 1</b>:Ayudas para fomentar la creación y el establecimiento de nuevas empresas en el municipio de Vila-seca</li>
<li><b>Línea 2</b>: Ayudas para fomentar la creación y el establecimiento de nuevas empresas lideradas por mujeres.</li>
<li><b>Línea 3</b>: Ayudas para fomentar la creación y el establecimiento de nuevas empresas lideradas por personas jóvenes.</li>
</ul>
</li>
<li><a href="https://www.dipta.cat/bopt/web/anunci/350260/bases-reguladores-per-a-la-concessio-de-subvencions-en-regim-de-concurrencia-no-competitiva-per-a-la-creacio-i-l-establiment-de-noves-empreses-al-municipi-aprovacio-definitiva-ajuntament-vila-seca" target="_blank" rel="noopener">Bases reguladoras</a></li>
<li><a href="https://vila-seca.cat/images/20251031_Convocat%C3%B2ria_2025_de_subvencions_per_a_la_creaci%C3%B3_i_lestabliment_de_noves_empreses_al_municipi_1.pdf" target="_blank" rel="noopener">Convocatoria Línea 1</a> <em><strong>Las solcitudes se pueden enviar a través de la <a href="https://vila-seca.eadministracio.cat/" target="_blank" rel="noopener">sede electrónica</a> desde el 03/11/2025 hasta</strong></em><em><strong> el 21/11/2025.</strong></em></li>
</ul>
<h4><strong>Programa Impulso al Empleo</strong></h4>
<p>Las ayudas del programa impulso a la ocupación tienen por objeto establecer un sistema de ayudas para incentivar la creación de puestos de trabajo en el municipio de Vila-seca, mediante la Bolsa de Trabajo Municipal.</p>
<p>&nbsp;</p>
<p>Convocatoria 2025</p>
<ul>
<li><a href="https://vila-seca.cat/images/2025/Bases_Impuls_Ocupaci%C3%B3_contractacions_de_persones_del_municipi.pdf" target="_blank" rel="noopener">Bases reguladoras <span data-olk-copy-source="MessageBody">para la concesión de subvenciones, en régimen de concurrencia no competitiva para contrataciones de personas del municipio</span></a></li>
<li><a href="https://vila-seca.cat/images/2025/07/08/20250612_CONVOCAT%C3%92RIA_2025_DE_SUBVENCIONS_-_CATAL%C3%80.pdf" target="_blank" rel="noopener">Convocatoria de subvenciones, en régimen de concurrencia no competitiva, para contrataciones de personas en el municipio</a> (<strong>PLAZO ABIERTO HASTA EL 7 DE AGOSTO</strong> <strong>DE 2025</strong> a través de la <a href="https://vila-seca.eadministracio.cat/" target="_blank" rel="noopener">sede electrónica</a>)</li>
</ul>
</div>
<div class="column"></div>
</div>
</div>
</div>
</div>
</div>
</div>
</div>
</div>
</div>
</div>
</div>
<p>[/vc_column_text][/vc_column][/vc_row]</p>

<p>[vc_row][vc_column][vc_column_text css=».vc_custom_1762764841829{margin-top: 4em !important;margin-bottom: 2em !important;}»] PROGRAMA IMPULSO AL EMPLEO [/vc_column_text][vc_column_text] Esta subvención incluye 3 líneas: Línea 1:Ayudas para fomentar la creación y el establecimiento de nuevas empresas en el municipio de Vila-seca Línea 2: [&hellip;]</p>
<a href="https://www.soce.cat/es/subvenciones/" class="entry-more pro-btn pro-btn-rounded pro-btn-xxs pro-btn-flat-accent">Read More<span class="screen-reader-text"> about Subvenciones</span></a>
